- 8*n**2 + 7 + 5*n + 0*n**2 + 0*n**2. Give q(5).
7
Let x(l) = 3*l**2 + 2*l - 6. Let a(v) = v**3 + 13*v**2 + 9*v - 28. Let o(h) = -2*a(h) + 9*x(h). Determine o(3).
-43
Let g(h) = -2*h - 4. Let b(o) = 1. Let i(y) = -18*b(y) - 2*g(y). Let w be i(3). Let k(f) = -2*f - w - 2 + 4. Determine k(2).
-4
Let t(i) be the second derivative of i**5/20 - 5*i**4/12 + i**3/6 + 7*i**2/2 - 557*i. Calculate t(3).
-8
Let f(c) be the third derivative of 1/6*c**3 - 1/60*c**5 - 1/8*c**4 + 0 + 0*c + c**2. Let h(q) = 2*q**2 - 56*q - 61. Let x be h(29). Determine f(x).
1
Let l be 440/20*(1 + (-1)/2). Let c(y) = 3*y. What is c(l)?
33
Let y(m) be the second derivative of -m**5/20 - 5*m**4/12 + m**3/3 + 2*m**2 - m. Let q = -33 + 48. Suppose 0*t + q = -3*t. What is y(t)?
-6
Let d(q) be the first derivative of q**3/3 - 7*q**2/2 - 10*q + 8. Calculate d(7).
-10
Let l(m) = 347*m - 1 + 12 - 345*m. Let i(k) = -4*k - 21. Let s(h) = -4*i(h) - 7*l(h). What is s(8)?
23
Let t(r) be the third derivative of -r**4/24 + 7*r**3/6 - r**2. Let l be (-12)/15 + 0 + 48/60. Give t(l).
7
Let q(y) = -y**2 - 5*y + 1. Let m be q(-5). Let o be ((-2)/(-5))/(m/15). Let c(u) = 14 + 3*u - 5 - 2*u - 3*u. Determine c(o).
-3
Let t(f) = -f**2 + 3*f - 2. Let q = -63 - -77. Suppose i - q = -3*c + 2*i, i - 4 = -3*c. Give t(c).
-2
Let i = -16 + 22. Let y(r) = r**2 - 11*r - 1. Let n(a) = a. Let t(f) = -14*n(f) - 2*y(f). Give t(i).
-22
Let b(v) = v**3 - 12*v**2 + 2*v - 5. Let k = -513 - -525. Give b(k).
19
Let d(y) = y**2 + 4*y + 3. Let r be d(-5). Suppose 2*j + 5*m = -r, -5*j - m = -1 - 2. Let t(v) be the second derivative of -v**3 + 35*v. Determine t(j).
-6
Let t(n) = 4 + 3*n - n + 4*n**2 - 2 + n**3. Let y = -1865 + 1862. Calculate t(y).
5
Let s(u) = -2*u + 18. Let z be (-147)/(-12) - (-3 - (-27)/12). Calculate s(z).
-8
Suppose 3*i - 5*i = 4. Let x be (2 - 1)/1 - (-3 - 41). Let f(l) = -1 + 25*l + 23*l - x*l. Calculate f(i).
-7
Let x be (7 - 0)/1 - 4. Let c(k) = k + 14. Let q be c(-12). Let d(r) = -7*r - 4*r**q + 2*r**3 - 3*r**x - 3*r**2 - 1. What is d(-6)?
5
Suppose -3*i - 3 = -3*g, 5*i = 2*i - g - 19. Let n(s) be the third derivative of 0 + 1/12*s**4 - 4*s**2 + 5/6*s**3 + 0*s. Calculate n(i).
-5
Let x(q) = q**3 - 7*q**2 + 9*q - 15. Let d be x(6). Let p(z) = -z. Let h(m) = -2*m**2 - 2*m - 3. Let c(j) = d*p(j) + h(j). Calculate c(-3).
-6
Suppose 0 = 4*j - 57 - 155. Suppose 0 = -4*o + j + 11. Let g = o - 17. Let b(t) = 14*t**2. Give b(g).
14
Let p(f) = f**2 - 10*f. Let g be 0 - -3*5 - 40/8. What is p(g)?
0
Let a be (12/(-15))/(5/(-50)). Let r(l) = -l**3 + 8*l**2 - 3*l + 18. Determine r(a).
-6
Let x(n) = n**2 - 28. Suppose -4 + 24 = 5*r, -16 = 2*p - 4*r. Let k be x(p). Let d be k/(-10)*(-10)/(-4). Let h(o) = -o**2 + 8*o - 9. What is h(d)?
-2
Let r(g) = 2*g. Let f = -350 - -347. What is r(f)?
-6
Let w(c) = -c**2 - 9*c - 3. Let l be 1/(1/(-2)*(-4)/(-18)). Give w(l).
-3
Let w be 13 + 2 + -3 + -2. Let u = -14 + w. Let l(r) = 12 - 4*r**2 + 5*r**2 - 30 + 13. Calculate l(u).
11
Let i(r) = -r**2 - 2. Suppose 2*o = 5*m + 6, 5*o - 3*m + 0*m = 15. Determine i(o).
-11
Let h(t) be the first derivative of 3*t**2/2 - 13*t - 48. Calculate h(6).
5
Let b(l) = 2 + 6*l**2 + 7*l + l**3 + 9 - 8 + 3. Calculate b(-5).
-4
Let p = 0 - -2. Let o(x) be the second derivative of 3/2*x**p - 5*x - 1/3*x**3 + 0. Give o(3).
-3
Let p be (-4)/50 - 148/25. Let f(x) = x**3 + 7*x**2 + 8*x. What is f(p)?
-12
Let z(j) = -6*j - 1. Let y(d) = 7*d + 1. Let f(t) = 2*y(t) + 3*z(t). Let h(u) = 8*u - 229. Let k be h(29). What is f(k)?
-13
Let n(t) = -t + 5. Let m(b) = -2*b + 5. Let j(o) = 2*m(o) - 3*n(o). Let w be j(-9). Let f(d) = -d**3 + 5*d**2 - 3*d - 5. Calculate f(w).
-1
Let i(z) = 0*z + z + 2*z + 5*z + 126. Give i(-15).
6
Let c(u) = -3*u + 5. Let k(j) = 6*j - 9. Let p(b) = -5*c(b) - 2*k(b). Suppose 4*g - 10 = -2. Suppose 0 = 3*z + 5*w, -4*z = -g*w + 7*w - 5. What is p(z)?
8
Let p(g) = -9*g**2 + 25*g - 7. Let o(l) = 13*l**2 - 38*l + 11. Let q(s) = -5*o(s) - 7*p(s). Let f be q(7). Let b(n) = 3*n**3. Calculate b(f).
3
Let g(h) be the second derivative of -h**4/12 - h**3/6 + h**2/2 + h. Let n(w) = -6*w**2 - 2*w + 3. Let b(d) = 5*g(d) - n(d). What is b(2)?
0
Let j be ((-3)/(-1))/(63/(-126)). Let w(q) = 6*q - 10. What is w(j)?
-46
Suppose 0 = 122*o - 125*o + 18. Let k(q) = 3*q + 4. Calculate k(o).
22
Suppose -14*a + 19 + 9 = 0. Let l(f) = 12 - 7 + 2 + 10*f + f**a. Calculate l(-6).
-17
Let u(d) be the third derivative of -1/3*d**3 + 0*d + d**2 - 1/24*d**4 - 13. Determine u(0).
-2
Let z(w) = -4*w**2 - 4*w. Let u be 13 + -11 + -10 - -6. Calculate z(u).
-8
Let i(u) = -u**2 + 6*u - 5. Let k be i(4). Let w(b) = b + 0*b - 1 + b - k*b. Let o(y) = -3*y - 18. Let r be o(-7). Determine w(r).
-4
Suppose -2*p = -f + 1 - 4, 3*p - 6 = f. Suppose -z + 370 = -p*z. Let a be z/(-30) - (-1)/(-6). Let q(o) = o**2 - 8*o + 1. Calculate q(a).
-11
Let m(p) = -p**2 + 7*p - 3. Let n = -24 + 29. Calculate m(n).
7
Let l(j) = 2*j - 24. Let x be l(13). Let v(d) = -3*d**3 + 3*d**2 + d - 2. Determine v(x).
-12
Let l(y) be the first derivative of -y**4/4 + 13*y**3/3 - y + 140. What is l(13)?
-1
Let h(j) = -6*j. Let z = 21 - 88. Let t = z + 66. Give h(t).
6
Let z = 262 - 268. Let l(w) = -5*w + 13. Let x(v) = 3*v - 7. Let j(y) = 4*l(y) + 7*x(y). Determine j(z).
-3
Let z(f) = -2*f**3 + f + 3*f**3 - 3*f - 1 + 0. Let q(u) = 3*u**3 - 9*u**2 - 15*u - 1. Let k(n) = q(n) - 4*z(n). Give k(-8).
-5
Let d(i) be the first derivative of -5 + 1/4*i**4 - i**2 + 2*i - 5/3*i**3. Determine d(5).
-8
Suppose -3*c + 5*t = -18 + 30, -4*t + 17 = 5*c. Let x(g) = 5*g**3 - 1. Give x(c).
4
Let u(g) = -g**3 + 2*g**2 + 2*g - 3. Suppose -12 = -38*t + 34*t. Calculate u(t).
-6
Let c(h) = -70*h**2 - 2*h - 1. Let i be 350/(-250) + 2/5. What is c(i)?
-69
Let q(b) be the first derivative of b**2 + 2*b + 3. Let m = -23 - -27. Suppose 0 = -m*r - 3*j, 3*r - 2*j = -j - 13. Determine q(r).
-4
Let p(t) = -7*t**2 + t. Let w be p(-2). Let s = 43 + w. Let x(r) = 12*r**2 - s*r**2 - 4 + 0 + r**3 + r. Calculate x(0).
-4
Let k(b) = -3*b**2 - 4*b + 5. Let i(j) = 4*j**2 + 3*j - 4. Let v(x) = 5*i(x) + 4*k(x). Let h = 4 - 5. Determine v(h).
9
Let b(k) be the first derivative of k**2/2 + 11*k - 58. What is b(-7)?
4
Let s = 14 + -8. Suppose -s = b + b. Let k(t) be the second derivative of t**3/6 + 3*t**2/2 - 182*t. Calculate k(b).
0
Let t(o) = -o**2 + 8*o - 4. Suppose 0 = -4*u - 5*y + 105, -2*u + 45 = -u + 5*y. Let z = u - 13. Determine t(z).
3
Let m = -37 - -40. Let j(f) = -24 + 2*f + 23 - f**m + 2*f**2 - 8*f**2. Determine j(-6).
-13
Let y(d) = d**3 - d**2 - 12*d - 13. Let z be y(-1). Let k(w) = w**3 + w**2 - 3*w + 4. Determine k(z).
-5
Let k(w) = -8*w - w - 19*w**2 + 20*w**2 + 8. Determine k(6).
-10
Let c(t) be the first derivative of t - 1/2*t**2 + 10. What is c(-7)?
8
Let k = -42 + 43. Let d(x) = -x. Let t(g) = -2*g + 2. Let a(s) = k*t(s) - 3*d(s). Determine a(5).
7
Let j = 88 + -51. Let b(i) = -1 - 4*i**2 - 15*i**3 + j*i**3 - i - 21*i**3. What is b(3)?
-13
Let g(q) = -91*q**2 - 3. Let f(d) = 34*d**2 + 1. Let j(i) = 8*f(i) + 3*g(i). Give j(5).
-26
Let v(b) = b**2 + 4*b + 17. Let s be v(-5). Let n(c) = s - 18 - 4*c + 2*c**2 - 8 + c. Determine n(4).
16
Let g(c) = -c**3 - 4*c**2 + 2*c + 2. Let s be g(-4). Let z(y) = 13*y + 3. Calculate z(s).
-75
Let r be ((-63)/(-7) + -4 - 6)/(-1). Let d(w) = -9*w**3 + w**2 - w + 1. Calculate d(r).
-8
Let z(l) = 214*l - 636*l + 0 + 212*l + 8 + 209*l. Calculate z(2).
6
Let y be 2 + 5/((-10)/12). Suppose r = -18 + 15. Let a(q) = 5*q - 6. Let g(i) = -6*i + 7. Let c(t) = r*g(t) + y*a(t). Determine c(6).
-9
Let v = -33 + 24. Let s = v - -6. Let a(u) = 4*u - u - u. Give a(s).
-6
Let p(t) = t**2 + 4*t - 8. Suppose 4*d = 4*w + 8, 3*w = -0*w + 5*d - 10. Suppose w = -5*s - 2*s + 70. Let i = 4 - s. Calculate p(i).
4
Let w(g) = -23 - 3*g - 20 + 65 - 25. What is w(-12)?
33
Let y(o) = -3*o**2 - 3*o + 9. Let q(f) = 8*f**2 + 10*f - 18. Let v(z) = 2*q(z) + 5*y(z). What is v(-6)?
15
Let o(h) = h**2 + 25 + 12*h - h + 0*h. Give o(-9).
7
Suppose 0 = -14*h + 12*h - 108. Let s = 59 + h. Let w(n) = -n**3 + 4*n**2 + 6*n. Determine w(s).
5
Let k(m) = -53*m**2 + 7*m**3 - 6 - 5*m**3 - 3*m**3 + 0*m**3 + m + 52*m**2. Let u = 4 + -4. Suppose -2*b + u*b = 0. Calculate k(b).
-6
Let m(u) = 1 - u - 1118*u**2 + u**3 - 1131*u**2 + 0*u + 2255*u**2. 